 units digit of s(a)?
8
Suppose -2*d = r + d + 4, 0 = r - d - 8. Suppose 5*o = -2*v + 206, r*o - 5*v + 0*v = 220. What is the units digit of o?
2
Let s(a) = 7*a - 1. Let m(d) = -d**3 + 4*d**2 - 2*d + 1. Let u be m(3). Suppose -3 = -3*p - 2*l, -p - u*p - 2*l = -5. What is the units digit of s(p)?
6
Let p(n) = 23*n + 12. What is the units digit of p(12)?
8
Suppose -2*v = 4 - 8. Suppose v*a - 16 = 6. What is the units digit of a?
1
Let t(q) = -2*q**3 - q**2 - 2*q. Suppose 2*n = -n - 6. What is the units digit of t(n)?
6
What is the tens digit of (-3)/(-1)*((-268)/(-6) - -6)?
5
Suppose -5*a + 211 - 64 = -n, 2*n = 6. Suppose q = -q + a. What is the tens digit of q?
1
Let h = 22 + -16. What is the units digit of (h - 8)/(2/(-3))?
3
Let m(w) = w**3 + 4*w**2 - 5*w - 7. What is the units digit of m(6)?
3
Let i be (0/1)/(-6 + 9). Suppose i = v + 2*v - 141. What is the units digit of v?
7
Let h be (2 - 1)/(3/12). What is the units digit of (-56)/(-10) + h/10?
6
What is the tens digit of (-4)/(-2) + 1 + (-21 - -282)?
6
Suppose a + 5*s - 167 = 0, 5*s + 22 = 7. What is the tens digit of a?
8
Suppose 5*k + 2*m = 727, 0 = -2*k - 3*k + 4*m + 751. What is the tens digit of k?
4
Let q(x) = -5*x + 9. Let l(g) = 81*g - 144. Let a(i) = 2*l(i) + 33*q(i). Let n be a(10). Let h = -11 - n. What is the tens digit of h?
1
Let s = -5 - -1. Let w = s + 6. What is the units digit of w?
2
Let u be 6*(-1)/(-2)*-17. Let d = -34 - u. What is the tens digit of d?
1
Suppose 2*r - 4*t - 42 = 0, -2*t = 2*r - 7*t - 43. What is the tens digit of r?
1
What is the units digit of (-2)/(-2) + (-31)/(-1)?
2
Let f(j) = -20*j + 4. Let h be f(-4). What is the tens digit of ((-24)/28)/((-4)/h)?
1
Let h(b) = b**3 - 9*b**2 + 5. Suppose 5*x - 200 = -5*j, 4*j + 4*x - 156 = x. Suppose z = -3*z + j. What is the units digit of h(z)?
5
Let d(r) be the third derivative of -r**5/60 + r**4/3 + r**3/3 + 2*r**2. What is the units digit of d(7)?
9
What is the tens digit of (-113 - 4/(-1))*-1?
0
Suppose 2*f = 3*f. Suppose f*p + 4*q - 33 = -5*p, -5*p = -3*q - 19. Suppose l + 4 = -m + 4*m, p = -2*l + 5*m. What is the units digit of l?
5
Let w(d) be the first derivative of -d**4/4 - d**3/3 - d + 2. Let v(o) = -12*o**3 + 2*o**2 + o + 3. Let p(n) = v(n) + 2*w(n). What is the tens digit of p(-1)?
1
Let b(z) = -z**2 + 3. Let r be b(0). Let g = r - -8. What is the tens digit of g?
1
Let t(a) = 2*a. Suppose 5 = -5*q - 10. Let o be t(q). Let w(y) = y**3 + 7*y**2 + 5*y. What is the units digit of w(o)?
6
Let q(v) be the first derivative of 2*v**3 - 2*v - 3. What is the tens digit of q(-2)?
2
Suppose 3*z - 15 = -42. Let a be 2 + 3*(-3)/z. Suppose -45 - 3 = -a*j. What is the units digit of j?
6
What is the tens digit of 11/(-13) - -1 - 28008/(-468)?
6
Suppose h + 2 = -0. Let o be (-1)/(-2 - -1) - h. Suppose -7 - o = -5*l. What is the units digit of l?
2
Let p = 53 - 35. What is the units digit of p?
8
Let n(f) = f**2 + 4*f. Let a be n(-4). Suppose a = h - 8 + 3. Suppose 0 = -2*u - 4, 9*u - 4*u = h*r - 15. What is the units digit of r?
1
Let s(u) = 4*u**2 + 2*u - 6. Let z(b) = 9*b**2 + 5*b - 12. Let j(m) = 7*s(m) - 3*z(m). Let h be (-5)/1*2/(-2). What is the units digit of j(h)?
4
Let x(c) = c**3 + 6*c**2 + 2*c - 7. Let k be x(-4). Suppose -16*a + k*a - 13 = 0. What is the tens digit of a?
1
Let s(c) be the first derivative of -c**2/2 - c - 3. What is the units digit of s(-12)?
1
Suppose 2*v - 1 = 9. Let m(h) = -h**3 + 7*h**2 - 6*h - 1. What is the units digit of m(v)?
9
Suppose -2*i - 4*a + 16 = 0, -7*i + 22 = -2*i + a. Let c(u) = -1 - i*u - 3*u + 5*u - 3*u. What is the units digit of c(-1)?
4
Let z be -2 - ((0 - 3) + 8). Let d(p) = -p**2 - 10*p - 6. What is the units digit of d(z)?
5
Let q = -2 + 6. Suppose 0 = -4*k, -4*b - q*k + 55 = b. What is the tens digit of b?
1
Let v = 69 + -28. What is the tens digit of v?
4
Let c(h) = -6*h. Let m = 13 - 9. Suppose -1 - 3 = m*v. What is the units digit of c(v)?
6
Let j = 112 - 32. What is the units digit of j?
0
Let z be (-2)/(-6) - (-4)/6. Let p be z*(-24 + 2) - -2. What is the units digit of 3/2 - p/8?
4
Suppose 4*v = 4*k + 8, -3*v - 3*k + 2 = -2*v. What is the units digit of v?
2
Let v be (-15)/(-3)*(0 - 1). Let k = -1 - v. What is the units digit of k?
4
Let v(d) = d + 1. Let c(i) = -8*i - 1. Let o(r) = c(r) + 5*v(r). What is the units digit of o(-4)?
6
What is the units digit of 7 + (-9)/(9/4)?
3
Suppose 40 = 9*d - 4*d. What is the units digit of d?
8
Let g(x) = x**3 - 5*x**2 + 4*x. Let k be g(4). Suppose 5*r = 2*y - 7, k = -3*y - r + 36 - 0. What is the units digit of y?
1
Let d(w) = 5*w**2 + 8*w - 1. Let y(c) be the third derivative of -c**5/15 - 7*c**4/24 - c**2. Let i(j) = 5*d(j) + 6*y(j). What is the units digit of i(4)?
3
Let a = -362 + 529. Suppose -68 = -3*h - a. Let d = -22 - h. What is the units digit of d?
1
Suppose 2*p = 6*p + 3*g + 39, 5*p + 42 = 3*g. Let t = p + 24. Let i = 31 - t. What is the tens digit of i?
1
Suppose -2*s + w = -367, 3*s - 2*w - 9 - 539 = 0. What is the units digit of s?
6
Let m(a) = a**3 + 11*a**2 - 2*a + 16. What is the hundreds digit of m(-10)?
1
Suppose 4*t - 23 = -0*a - a, 5*t + 154 = 3*a. What is the tens digit of a?
4
What is the units digit of -1 - 3/3 - -31?
9
Suppose 0*c = 3*c - 6. Let t be ((-2)/(-4))/((-4)/(-8)). Suppose 6 = 2*n, 3*n - c*n - t = 2*j. What is the units digit of j?
1
Let b = 312 - 218. What is the units digit of b?
4
Suppose -4*z = 2*q - 2, -4*q - 3*z + 33 = q. Suppose q + 20 = p. What is the units digit of p?
9
Let j = -2 + 8. Let v(q) = -q + 8. Let o be v(j). What is the tens digit of -11*(o + -3)*1?
1
Suppose 4*t - 268 = -4*q, 0 = -5*q + 3*t + t + 299. What is the units digit of q?
3
Suppose -108 - 103 = -5*o + d, -5*d = 2*o - 106. What is the tens digit of o?
4
Let h(j) = j**3 + 9*j**2 - j + 2. Let f be h(-9). Let s(x) = x**3 + 3*x**2 + 3*x + 4. Let t be s(-3). Let a = t + f. What is the units digit of a?
6
Let d be 22/5 + 4/(-10). Suppose -4*m - d*f = -24, -f + 2 = -5*m + 2*f. What is the units digit of m?
2
Let z(r) = 10*r. What is the tens digit of z(1)?
1
Let y(q) = q**3 + 8*q**2 + 8*q + 10. Let v be y(-7). Suppose v*l - 2*w - 16 = 3*w, 5*l - 20 = 5*w. What is the units digit of l?
2
Let u be (2 + 0)/(0 + -1). Let r(o) = -3*o**2 - o - 1 - 1 - 2*o**3 + 1. What is the units digit of r(u)?
5
Suppose -d = -4*d + 36. What is the units digit of d?
2
Let g(a) = 6*a**2 + 2*a - 1. Let x(h) = 5*h**2 + 2*h - 1. Let o(k) = -3*g(k) + 4*x(k). Let s be (1/(-2))/(2/8). What is the units digit of o(s)?
3
Suppose 8 + 17 = 5*v. Let a(z) = 2*z**2 - 7*z + 7. What is the units digit of a(v)?
2
Let a = 16 - -4. Suppose -5*f = o + 4*o - a, -3*f = o - 12. Suppose f = -j + 5*j. What is the units digit of j?
1
Let l(c) = 3*c + 6. What is the units digit of l(7)?
7
Let j be 358/(-4) + (-2)/4. What is the units digit of j/(-24)*(-8)/(-3)?
0
Let n(k) = -7*k + 1. Suppose m + 7*x - 4 = 3*x, -x + 2 = 0. What is the units digit of n(m)?
9
Let z(o) = o**3 - o**2 - 1. Let d(x) = 4*x**3 - 5*x**2 - x + 21. Let u(j) = d(j) - 5*z(j). What is the tens digit of u(0)?
2
Let j(g) = 4*g**2 - g + 1. Let k be j(1). Let t = 2 - k. Let d = 7 + t. What is the units digit of d?
5
Let k = -6 - -5. Let b = k + 4. Suppose -2*v = b - 23. What is the units digit of v?
0
Let g = 205 - 120. What is the units digit of g?
5
Let h = 3 - 1. Suppose -h*w = -5*w. Let i = w - -1. What is the units digit of i?
1
Let p be 6/3 - (3 - 1). Suppose p*l + 2*l - 8 = 0. What is the units digit of l?
4
What is the units digit of 18 + 1*-5*(-6)/15?
0
Let g be 4002/15 + 1/5. Let m be g/6 + 2/(-4). Suppose 5*u + 3*w = -0*u + m, 2*w = -5*u + 41. What is the units digit of u?
7
What is the units digit of (-1156)/85*(-5)/1?
8
Let r be (1 + -2)/(3/(-6)). Let h be -23*r/8*-4. Suppose 0 = 3*v + 4*i - h, 3*v - 4*i - i - 5 = 0. What is the units digit of v?
5
Let u = 3 - 3. Suppose 4*q + u = 12. Suppose -1 = 2*l - q. What is the units digit of l?
1
Suppose 0 = -4*l - 2*g + 42, 0 = l + 5*g + 4 - 19. Let x = 14 - l. Suppose -3*z - 6 = -x*z. What is the units digit of z?
6
Let m(k) = k**2 + 5*k + 2. Let t be m(-3). Let g = t - -12. What is the units digit of g?
8
Let u be (0/(-1)*1)/(-2). What is the units digit of (u - 2)/((-4)/2)?
1
Suppose -m + 2 = -3. Suppose 5*o = 2*j - 46, 0 = -4*j